?
-61
In base 16, what is 3 + 1088?
108b
In base 4, what is -13021 + 20?
-13001
In base 14, what is -3 - 4c?
-51
In base 11, what is 176 - 3?
173
In base 8, what is 1121 + -54?
1045
In base 7, what is -12 - 653?
-665
In base 11, what is 783 - -2?
785
In base 7, what is 16 + 16?
35
In base 7, what is -240 + 3?
-234
In base 9, what is -7 - -41?
33
In base 14, what is 4 - -475?
479
In base 12, what is 4 + 30?
34
In base 3, what is 1 + -11022?
-11021
In base 11, what is 613 - 1?
612
In base 13, what is 25 + 14?
39
In base 8, what is -502 - 2?
-504
In base 16, what is -333 - -5?
-32e
In base 12, what is 48 + -7?
41
In base 3, what is 11 + 2100?
2111
In base 10, what is -110 - -2?
-108
In base 15, what is 3 + ddb?
dde
In base 9, what is -5 - 0?
-5
In base 10, what is 20 - -7?
27
In base 3, what is 2 - -22101?
22110
In base 7, what is -6 - -12?
3
In base 7, what is -1326 - -2?
-1324
In base 4, what is 20103 - 1?
20102
In base 2, what is -1001 - 100010100?
-100011101
In base 9, what is 16114 - -3?
16117
In base 2, what is -101110 + 110?
-101000
In base 2, what is 0 + -1001110?
-1001110
In base 11, what is 0 - 4?
-4
In base 15, what is -d3 - -19?
-b9
In base 3, what is 110201 - 2?
110122
In base 12, what is 17 + -87?
-70
In base 11, what is 14 + 11a?
133
In base 5, what is 112 + 1000?
1112
In base 6, what is 1534 + 35?
2013
In base 15, what is 0 - -2e?
2e
In base 14, what is 27 - -5?
2c
In base 14, what is 209 - 1?
208
In base 6, what is -34532 + -1?
-34533
In base 15, what is 7 + 4e?
56
In base 14, what is 19 + a?
25
In base 13, what is b1 - -19?
ca
In base 4, what is 302 - -202?
1110
In base 15, what is -22d + -2?
-230
In base 6, what is 134 + 2?
140
In base 7, what is 5 + -1155?
-1150
In base 4, what is 10033 - -10?
10103
In base 12, what is 5 + -3?
2
In base 7, what is -1152 - -3?
-1146
In base 3, what is -10 - -1120?
1110
In base 6, what is 3 - -25?
32
In base 12, what is 8 + -57?
-4b
In base 14, what is 5 - 179?
-174
In base 15, what is -5 + -3c?
-42
In base 16, what is -2 - c?
-e
In base 9, what is 3 - 473?
-470
In base 9, what is -4 - 350?
-354
In base 2, what is -10000 + -11?
-10011
In base 9, what is 3 + 2851?
2854
In base 10, what is 5 + 91?
96
In base 2, what is -10 - -1111100?
1111010
In base 6, what is 1503 + -2?
1501
In base 13, what is -44a + -5?
-452
In base 12, what is -7b - -1?
-7a
In base 2, what is 101010 + 11?
101101
In base 13, what is 45 + b9?
131
In base 3, what is -10210 - -10000?
-210
In base 14, what is -1072 - 0?
-1072
In base 7, what is 3 - -10405?
10411
In base 15, what is -4 - 623?
-627
In base 6, what is 5 + -2531?
-2522
In base 9, what is -25 - -262?
236
In base 15, what is -3 - c3?
-c6
In base 5, what is -1220 + 1?
-1214
In base 12, what is -4 + -101?
-105
In base 10, what is 88 + -4?
84
In base 10, what is -4 + -1343?
-1347
In base 4, what is 1210 + -10?
1200
In base 4, what is -3 + 23?
20
In base 5, what is 103043 - -11?
103104
In base 3, what is -10221201002 + -2?
-10221201011
In base 14, what is 26 + 0?
26
In base 5, what is -12 - -33?
21
In base 11, what is 6a + 18?
87
In base 11, what is 736 - 0?
736
In base 8, what is -511 - 15?
-526
In base 9, what is -33 - -854?
821
In base 9, what is 11 + 33?
44
In base 15, what is -18 + 25a?
242
In base 3, what is 1111 + 111?
1222
In base 15, what is -8b6 - 4?
-8ba
In base 6, what is 153 - 123?
30
In base 7, what is 32 + -3?
26
In base 3, what is 0 - 21011?
-21011
In base 8, what is -4 + 1253?
1247
In base 4, what is -1220303 - 10?
-1220313
In base 13, what is -2 - -4a4?
4a2
In base 12, what is 2 + -11b2?
-11b0
In base 8, what is -6 - -350?
342
In base 14, what is 22 - -1?
23
In base 4, what is -32110 + 0?
-32110
In base 7, what is -1546 + -4?
-1553
In base 13, what is 10 - -795?
7a5
In base 9, what is 8280 + 3?
8283
In base 9, what is -23 + -2363?
-2386
In base 16, what is 5 + -1?
4
In base 11, what is 0 - -5?
5
In base 3, what is 20 + 1212011?
1212101
In base 6, what is -113 + -52?
-205
In base 3, what is 0 + -22000?
-22000
In base 5, what is 22 + -11311?
-11234
In base 4, what is 11 + 1023?
1100
In base 2, what is -1 - 11?
-100
In base 14, what is -10 - 3?
-13
In base 9, what is 2078 - 5?
2073
In base 14, what is -70c - -3?
-709
In base 14, what is -964 - -5?
-95d
In base 12, what is -6 - 148?
-152
In base 5, what is 441 + -12?
424
In base 8, what is 4 + -456?
-452
In base 3, what is 2212 + 10?
2222
In base 3, what is 21 + 110?
201
In base 16, what is 85 + -5?
80
In base 13, what is -1 - 107?
-108
In base 3, what is -200 + -221?
-1121
In base 10, what is 663 + -5?
658
In base 3, what is 1011 + -20111?
-12100
In base 8, what is -1211 + 11?
-1200
In base 4, what is -1133311 - -2?
-1133303
In base 9, what is -23 + 110?
76
In base 16, what is 2 - -3?
5
In base 12, what is -16 - 10a?
-124
In base 4, what is 1320 + 101?
2021
In base 5, what is -13 + -21313?
-21331
In base 13, what is -15 - 46?
-5b
In base 11, what is 688 + -2?
686
In base 13, what is a + 1?
b
In base 11, what is 5 + -3500?
-34a6
In base 11, what is -1a - -12?
-8
In base 2, what is -1101011100110 - 101?
-1101011101011
In base 6, what is 4 + 223?
231
In base 14, what is 2 + 1da?
1dc
In base 2, what is 11 + -1101?
-1010
In base 6, what is 52 - -3214?
3310
In base 12, what is -1b9 + -3?
-200
In base 8, what is -34 - 14?
-50
In base 8, what is 1 - -15641?
15642
In base 13, what is -3 - 31?
-34
In base 10, what is 5946 - -1?
5947
In base 9, what is 2 - 400?
-387
In base 5, what is 203321 - -1?
203322
In base 4, what is -212 + -1010?
-1222
In base 3, what is -10010220 + 1?
-10010212
In base 2, what is 11 - 1111111110?
-1111111011
In base 3, what is 211120 + 11?
211201
In base 7, what is 101 + 122?
223
In base 13, what is 3 + -90c?
-909
In base 4, what is 102120 + -1?
102113
In base 11, what is 18 - 3?
15
In base 14, what is -3 - -8a?
87
In base 16, what is 6 + 74?
7a
In base 10, what is -2336 + -5?
-2341
In base 8, what is 5 + -710?
-703
In base 11, what is 39 - -2?
40
In base 10, what is 12 - -228?
240
In base 4, what is 132 + -2?
130
In base 4, what is 0 - -2?
2
In base 5, what is -410 - -20?
-340
In base 7, what is -40 + -361?
-431
In base 14, what is -b - 277?
-284
In base 2, what is -100101 - 101?
-101010
In base 10, what is -905 + 5?
-900
In base 5, what is -3 + -10?
-13
In base 12, what is -7007 + 1?
-7006
In base 14, what is 18 - -7?
21
In base 11, what is 1 - -34?
35
In base 10, what is -4 + -95?
-99
In base 11, what is 2384 + 4?
2388
In base 3, what is -11211 - 212?
-12200
In base 3, what is -11220 - 10?
-12000
In base 11, what is -4 - 5a?
-63
In base 15, what is -5 - 178?
-17d
In base 3, what is -12 + 2012?
2000
In base 9, what is 2645 - 13?
2632
In base 15, what is 0 + 564?
564
In base 10, what is 50 + -3?
47
In base 10, what is -39 - 8?
-47
In base 11, what is -28a - 4?
-293
In base 15, what is -7ec - 4?
-801
In base 9, what is -180 + 137?
-42
In base 7, what is -6 + -316?
-325
In base 11, what is -7 - -1415?
1409
In base 7, what is 124 - 30?
64
In base 9, what is 1 - 110?
-108
In base 13, what is 74 - 6?
6b
In base 9, what is 0 + -6?
-6
In base 13, what is 90 - 40?
50
In base 8, what is -137 + -2?
-141
In base 14, what is 1 + -81?
-80
In base 8, what is 556 - 14?
542
In base 8, what is 3 - -267?
272
In base 12, what is -1 - -314?
313
In base 14, what is 13 - -2?
15
In base 12, what is 83 + 12?
95
In base 3, what is -22 - 22121?
-22220
In base 11, what is -54 + -7?
-60
In base 10, what is 0 - 631?
-631
In base 8, what is 3 + -4416?
-4413
In base 15, what is -64 - 3?
-67
In base 12, what is 86 + -2?
84
In base 9, what is 130 - 11?
118
In base 9, what is 876 - -6?
883
In base 5, what is 2232424 + -3?
2232421
In base 16, what is 21 + 19?
3a
In base 13, what is -51 - 5?
-56
In base 8, what is 20075 + 0?
20075
In base 7, what is -11 + 15032?
15021
In base 8, what is 1431 - -1?
1432
In base 6, what is 33 - -34?
111
In base 3, what is 20022 - -1?
20100
In base 2, what is -100 + 100001110010?
100001101110
In base 15, what is -ac - -2?
-aa
In base 5, what is 2 - 13140?
-13133
In base 7, what is -641 - 2?
-643
In base 7, what is 1203 + -4?
1166
In base 16, what is 3 + f?
12
In base 7, what is 11 + -1?
10
In base 4, what is 3 + -2201?
-2132
In base 12, what is 3 + -145?
-142
In base 13, what is -696b + 5?
-696